{"id":18,"date":"2018-07-25T11:19:29","date_gmt":"2018-07-25T11:19:29","guid":{"rendered":"http:\/\/www.richmondlanguage.fr\/?page_id=18"},"modified":"2025-05-12T21:11:41","modified_gmt":"2025-05-12T21:11:41","slug":"a-propos","status":"publish","type":"page","link":"https:\/\/test.richmondlanguage.fr\/?page_id=18","title":{"rendered":"A Propos"},"content":{"rendered":"<h2><strong>Langue vivante. Un outil de communication<br \/>\n<\/strong><\/h2>\n<p>Dans un monde num\u00e9rique, d\u2019ordinateurs, de smartphones et de r\u00e9seaux sociaux, l\u2019imm\u00e9diatet\u00e9 est devenue la r\u00e8gle de base de la communication (150 signes Tweeter)<\/p>\n<p>Comment communiquer vite et bien si l\u2019on ne connait qu&rsquo;un vocabulaire d\u00e9pourvu de sens et d\u2019environnement pratique ?<\/p>\n<p>Malgr\u00e9 la bonne volont\u00e9 des formateurs les m\u00e9thodes traditionnelles se basent souvent sur une transmission standardis\u00e9e, selon un \u00ab package de connaissance \u00bb<\/p>\n<h2><strong>\u00c0 apprendre ou \u00e0 laisser !<\/strong><\/h2>\n<p>Pour qu\u2019un apprentissage soit effectif, nous faisons appel au minimum \u00e0 deux des trois intelligences suivantes :<\/p>\n<ol>\n<li>Intelligence scolaire<\/li>\n<li>Intelligence pratique<\/li>\n<li>Intelligence cr\u00e9ative<\/li>\n<\/ol>\n<ol>\n<li>L\u2019intelligence scolaire est celle re\u00e7ue du \u00ab ma\u00eetre \u00bb celle qui permet de lire, de calculer et de retenir des choses<\/li>\n<li>L\u2019intelligence pratique est celle qui nous permet d\u2019\u00eatre capable d\u2019agir efficacement dans toutes sortes de situations<\/li>\n<li>L\u2019intelligence cr\u00e9ative nous fait tisser des liens pour imaginer une nouvelle approche<\/li>\n<\/ol>\n<p>Les m\u00e9thodes traditionnelles, passives font toutes appel \u00e0 l\u2019intelligence scolaire uniquement. Toutefois, la vraie vie ne se limite pas \u00e0 reproduire ce que l\u2019on apprend<\/p>\n<p>La m\u00e9thode \u00ab Phoenix \u00bb de RICHMOND LANGUAGE INSTITUTE \u00e9vite volontairement cette forme d\u2019intelligence et se base exclusivement sur les deux autres: Pratique et Cr\u00e9ative<\/p>\n<p>Le deuxi\u00e8me concept sur lequel se base la m\u00e9thode \u00ab Phoenix \u00bb est le concept de \u00ab Growth Mindset \u00bb<\/p>\n<p>L\u2019\u00e9tat d\u2019esprit (Mindset) peut \u00eatre divis\u00e9 en deux: le \u00ab\u00a0fixed mindset\u00a0\u00bb et le \u00ab\u00a0growth mindset\u00a0\u00bb<\/p>\n<p>Le Fixed Mindset est un \u00e9tat d\u2019esprit fixe, utilis\u00e9 traditionnellement en usant abondamment de grammaire ou de litt\u00e9rature\u2026. Faisant fi des aspects pratiques de la vie quotidienne\u00a0!<\/p>\n<p>Chez RICHMOND LANGUAGE INSTITUTE nous pensons qu\u2019il ne sert \u00e0 rien de conna\u00eetre des textes de litt\u00e9rature si l\u2019\u00e9l\u00e8ve est incapable d\u2019aller acheter du pain ou demander son chemin<\/p>\n<p>C&rsquo;est pourquoi, PHOENIX \u00a9 utilise exclusivement le Growth Mindset o\u00f9 l\u2019apprentissage est consid\u00e9r\u00e9 comme une activit\u00e9 amusante, valorisante, bas\u00e9e sur les acquis, si faibles soient-ils, de l&rsquo;apprenant. Nous en avons tous beaucoup plus que nous ne le croyons.<\/p>\n<p>Avec le Growth Mindset l\u2019apprenant s\u2019efforce d\u2019am\u00e9liorer ses comp\u00e9tences dans un esprit de d\u00e9veloppement et non de r\u00e9p\u00e9tition de r\u00e8gles.<\/p>\n<p>PHOENIX \u00a9 est avant tout et surtout une m\u00e9thode pratique, favorisant la pratique\u00a0!<\/p>\n<h2><\/h2>\n<h2><\/h2>\n<div class=\"layoutArea\">\n<div class=\"column\">\n<h2><strong>La m\u00e9thodologie de Richmond Language Institute<\/strong><\/h2>\n<p>La m\u00e9thodologie d\u00e9velopp\u00e9e par Richmond Language Institute au travers de Phoenix \u00a9 est structur\u00e9e de mani\u00e8re \u00e0 accompagner l\u2019apprenant vers un d\u00e9veloppement personnalis\u00e9, adapt\u00e9 \u00e0 sa personnalit\u00e9 (l\u2019apprenant peut sugg\u00e9rer des sujets comme base de cours) et \u00e0 sa connaissance de base de la langue \u00e9tudi\u00e9e.<\/p>\n<p>L\u2019accompagnement se fera selon un process hi\u00e9rarchis\u00e9 :<\/p>\n<ol>\n<li>Structuration par modules personnalis\u00e9s (quel que soit le niveau de connaissances de base, m\u00eame d\u00e9butant)<\/li>\n<li>Accompagnement personnalis\u00e9, bas\u00e9 sur les connaissances propres \u00e0 chaque apprenant<\/li>\n<li>Les modules sont structur\u00e9s en \u00ab branches \u00bb (voyages, vie courante, achats, passions etc.)<\/li>\n<li>Chaque module est d\u00e9coup\u00e9 en \u00ab ateliers \u00bb dans lesquels on proc\u00e8dera par :<\/li>\n<\/ol>\n<ol>\n<li>Excavation des connaissances enfouies<\/li>\n<li>Observation de la solidit\u00e9 des acquis<\/li>\n<li>Pratique (mise en situation, contexte\u2026)<\/li>\n<li>Exercices d\u2019application<\/li>\n<li>Consolidation des connaissances car tout est bas\u00e9 sur le vocabulaire de l\u2019apprenant, ses pens\u00e9es et curiosit\u00e9s.<\/li>\n<\/ol>\n<h2><strong>Du c\u00f4t\u00e9 de l\u2019apprenant, ni devoirs ni le\u00e7ons<\/strong><\/h2>\n<p>Afin de stimuler l\u2019intelligence pratique de l\u2019apprenant et de lancer le Growth Mindset, ce dernier <u>ne doit prendre aucune note<\/u>, tout le travail doit se faire de m\u00e9moire, en r\u00e9f\u00e9rence aux connaissances acquises. Ceci afin de cr\u00e9er les automatismes de r\u00e9flexion dans la langue \u00e9tudi\u00e9e et de cr\u00e9er un effet boule de neige, r\u00e9p\u00e9tition et association des mots \u00e0 des situations<\/p>\n<h2 style=\"text-align: center;\"><strong>De cette mani\u00e8re la confiance de l\u2019apprenant sera \u00ab\u00a0boost\u00e9e\u00a0\u00bb et il sera confort\u00e9 dans l\u2019id\u00e9e que la connaissance et l\u2019utilisation de la langue lui sont accessibles.<\/strong><\/h2>\n<\/div>\n<\/div>\n","protected":false},"excerpt":{"rendered":"<p>Langue vivante. Un outil de communication Dans un monde num\u00e9rique, d\u2019ordinateurs, de smartphones et de r\u00e9seaux sociaux, l\u2019imm\u00e9diatet\u00e9 est devenue la r\u00e8gle de base de la communication (150 signes Tweeter) Comment communiquer vite et bien si l\u2019on ne connait qu&rsquo;un vocabulaire d\u00e9pourvu de sens et d\u2019environnement pratique ? Malgr\u00e9 la bonne volont\u00e9 des formateurs les&hellip;<\/p>\n","protected":false},"author":1,"featured_media":0,"parent":0,"menu_order":0,"comment_status":"closed","ping_status":"closed","template":"","meta":{"_exactmetrics_skip_tracking":false,"_exactmetrics_sitenote_active":false,"_exactmetrics_sitenote_note":"","_exactmetrics_sitenote_category":0,"footnotes":""},"class_list":["post-18","page","type-page","status-publish","hentry","description-off"],"yoast_head":"<!-- This site is optimized with the Yoast SEO plugin v27.4 - https:\/\/yoast.com\/product\/yoast-seo-wordpress\/ -->\n<title>A Propos - RichmondLanguage<\/title>\n<meta name=\"robots\" content=\"noindex, follow, max-snippet:-1, max-image-preview:large, max-video-preview:-1\" \/>\n<meta property=\"og:locale\" content=\"fr_FR\" \/>\n<meta property=\"og:type\" content=\"article\" \/>\n<meta property=\"og:title\" content=\"A Propos - RichmondLanguage\" \/>\n<meta property=\"og:description\" content=\"Langue vivante. Un outil de communication Dans un monde num\u00e9rique, d\u2019ordinateurs, de smartphones et de r\u00e9seaux sociaux, l\u2019imm\u00e9diatet\u00e9 est devenue la r\u00e8gle de base de la communication (150 signes Tweeter) Comment communiquer vite et bien si l\u2019on ne connait qu&rsquo;un vocabulaire d\u00e9pourvu de sens et d\u2019environnement pratique ? Malgr\u00e9 la bonne volont\u00e9 des formateurs les&hellip;\" \/>\n<meta property=\"og:url\" content=\"https:\/\/test.richmondlanguage.fr\/?page_id=18\" \/>\n<meta property=\"og:site_name\" content=\"RichmondLanguage\" \/>\n<meta property=\"article:modified_time\" content=\"2025-05-12T21:11:41+00:00\" \/>\n<meta name=\"twitter:card\" content=\"summary_large_image\" \/>\n<meta name=\"twitter:label1\" content=\"Dur\u00e9e de lecture estim\u00e9e\" \/>\n\t<meta name=\"twitter:data1\" content=\"3 minutes\" \/>\n<script type=\"application\/ld+json\" class=\"yoast-schema-graph\">{\"@context\":\"https:\\\/\\\/schema.org\",\"@graph\":[{\"@type\":\"WebPage\",\"@id\":\"https:\\\/\\\/test.richmondlanguage.fr\\\/?page_id=18\",\"url\":\"https:\\\/\\\/test.richmondlanguage.fr\\\/?page_id=18\",\"name\":\"A Propos - RichmondLanguage\",\"isPartOf\":{\"@id\":\"https:\\\/\\\/test.richmondlanguage.fr\\\/#website\"},\"datePublished\":\"2018-07-25T11:19:29+00:00\",\"dateModified\":\"2025-05-12T21:11:41+00:00\",\"breadcrumb\":{\"@id\":\"https:\\\/\\\/test.richmondlanguage.fr\\\/?page_id=18#breadcrumb\"},\"inLanguage\":\"fr-FR\",\"potentialAction\":[{\"@type\":\"ReadAction\",\"target\":[\"https:\\\/\\\/test.richmondlanguage.fr\\\/?page_id=18\"]}]},{\"@type\":\"BreadcrumbList\",\"@id\":\"https:\\\/\\\/test.richmondlanguage.fr\\\/?page_id=18#breadcrumb\",\"itemListElement\":[{\"@type\":\"ListItem\",\"position\":1,\"name\":\"Accueil\",\"item\":\"https:\\\/\\\/test.richmondlanguage.fr\\\/\"},{\"@type\":\"ListItem\",\"position\":2,\"name\":\"A Propos\"}]},{\"@type\":\"WebSite\",\"@id\":\"https:\\\/\\\/test.richmondlanguage.fr\\\/#website\",\"url\":\"https:\\\/\\\/test.richmondlanguage.fr\\\/\",\"name\":\"RichmondLanguage\",\"description\":\"Centre de formation des langues vivantes\",\"potentialAction\":[{\"@type\":\"SearchAction\",\"target\":{\"@type\":\"EntryPoint\",\"urlTemplate\":\"https:\\\/\\\/test.richmondlanguage.fr\\\/?s={search_term_string}\"},\"query-input\":{\"@type\":\"PropertyValueSpecification\",\"valueRequired\":true,\"valueName\":\"search_term_string\"}}],\"inLanguage\":\"fr-FR\"}]}<\/script>\n<!-- \/ Yoast SEO plugin. -->","yoast_head_json":{"title":"A Propos - RichmondLanguage","robots":{"index":"noindex","follow":"follow","max-snippet":"max-snippet:-1","max-image-preview":"max-image-preview:large","max-video-preview":"max-video-preview:-1"},"og_locale":"fr_FR","og_type":"article","og_title":"A Propos - RichmondLanguage","og_description":"Langue vivante. Un outil de communication Dans un monde num\u00e9rique, d\u2019ordinateurs, de smartphones et de r\u00e9seaux sociaux, l\u2019imm\u00e9diatet\u00e9 est devenue la r\u00e8gle de base de la communication (150 signes Tweeter) Comment communiquer vite et bien si l\u2019on ne connait qu&rsquo;un vocabulaire d\u00e9pourvu de sens et d\u2019environnement pratique ? Malgr\u00e9 la bonne volont\u00e9 des formateurs les&hellip;","og_url":"https:\/\/test.richmondlanguage.fr\/?page_id=18","og_site_name":"RichmondLanguage","article_modified_time":"2025-05-12T21:11:41+00:00","twitter_card":"summary_large_image","twitter_misc":{"Dur\u00e9e de lecture estim\u00e9e":"3 minutes"},"schema":{"@context":"https:\/\/schema.org","@graph":[{"@type":"WebPage","@id":"https:\/\/test.richmondlanguage.fr\/?page_id=18","url":"https:\/\/test.richmondlanguage.fr\/?page_id=18","name":"A Propos - RichmondLanguage","isPartOf":{"@id":"https:\/\/test.richmondlanguage.fr\/#website"},"datePublished":"2018-07-25T11:19:29+00:00","dateModified":"2025-05-12T21:11:41+00:00","breadcrumb":{"@id":"https:\/\/test.richmondlanguage.fr\/?page_id=18#breadcrumb"},"inLanguage":"fr-FR","potentialAction":[{"@type":"ReadAction","target":["https:\/\/test.richmondlanguage.fr\/?page_id=18"]}]},{"@type":"BreadcrumbList","@id":"https:\/\/test.richmondlanguage.fr\/?page_id=18#breadcrumb","itemListElement":[{"@type":"ListItem","position":1,"name":"Accueil","item":"https:\/\/test.richmondlanguage.fr\/"},{"@type":"ListItem","position":2,"name":"A Propos"}]},{"@type":"WebSite","@id":"https:\/\/test.richmondlanguage.fr\/#website","url":"https:\/\/test.richmondlanguage.fr\/","name":"RichmondLanguage","description":"Centre de formation des langues vivantes","potentialAction":[{"@type":"SearchAction","target":{"@type":"EntryPoint","urlTemplate":"https:\/\/test.richmondlanguage.fr\/?s={search_term_string}"},"query-input":{"@type":"PropertyValueSpecification","valueRequired":true,"valueName":"search_term_string"}}],"inLanguage":"fr-FR"}]}},"jetpack_sharing_enabled":true,"_links":{"self":[{"href":"https:\/\/test.richmondlanguage.fr\/index.php?rest_route=\/wp\/v2\/pages\/18","targetHints":{"allow":["GET"]}}],"collection":[{"href":"https:\/\/test.richmondlanguage.fr\/index.php?rest_route=\/wp\/v2\/pages"}],"about":[{"href":"https:\/\/test.richmondlanguage.fr\/index.php?rest_route=\/wp\/v2\/types\/page"}],"author":[{"embeddable":true,"href":"https:\/\/test.richmondlanguage.fr\/index.php?rest_route=\/wp\/v2\/users\/1"}],"replies":[{"embeddable":true,"href":"https:\/\/test.richmondlanguage.fr\/index.php?rest_route=%2Fwp%2Fv2%2Fcomments&post=18"}],"version-history":[{"count":16,"href":"https:\/\/test.richmondlanguage.fr\/index.php?rest_route=\/wp\/v2\/pages\/18\/revisions"}],"predecessor-version":[{"id":414,"href":"https:\/\/test.richmondlanguage.fr\/index.php?rest_route=\/wp\/v2\/pages\/18\/revisions\/414"}],"wp:attachment":[{"href":"https:\/\/test.richmondlanguage.fr\/index.php?rest_route=%2Fwp%2Fv2%2Fmedia&parent=18"}],"curies":[{"name":"wp","href":"https:\/\/api.w.org\/{rel}","templated":true}]}}